alculate f(h).
16
Let u(f) = f**3 + 6*f**2 + 2*f + 6. Let r be (-3 + 1 - 1)*2. What is u(r)?
-6
Let g be (210/245)/((-2)/(1 - 15)). Let f(b) = 6*b + 3 + b**2 + b**2 + 3*b**2 + 6*b. Let m(u) = 2*u**2 + 4*u + 1. Let k(v) = -3*f(v) + 8*m(v). Determine k(g).
11
Let o(f) = f**3 + 9*f**2 + 7*f - 10. Let k(a) = -6*a - 74. Let c be k(-11). Give o(c).
-2
Let b(t) = -t**3 - 4*t**2 + 4*t + 3. Suppose -9*j - 5*j = 70. Give b(j).
8
Let h = -103 + 110. Suppose h*k + 11*k - 36 = 0. Let u(g) = -4*g**3 + 2*g + 1. Calculate u(k).
-27
Let r(i) = 7*i**2 + 7*i. Let g(w) = -4*w**2 - 4*w. Let f(a) = 5*g(a) + 3*r(a). What is f(0)?
0
Suppose 0 = -2*r + 3*r. Suppose -5*m + 5 + 10 = r. Let a(l) = 6*l**2 + l**m - 3*l**3 + l**3 - l**2 - 2. Calculate a(5).
-2
Let o(l) be the second derivative of l**3/6 - 2*l**2 - l. Suppose -1 + 0 = g, 5*g = 4*a - 5. Let s be (2 + a + -2 + -1)*5. Give o(s).
-9
Let j be (20/(-30))/((-2)/9). Let n(l) = l + 1. Give n(j).
4
Let v(n) = -n**2 - 15*n + 21. Let f(j) = -3*j**2 - 43*j + 63. Let i(d) = -2*f(d) + 7*v(d). Give i(-19).
21
Let l(n) = 3*n**3 - 2*n**2 + n + 3. Let f(y) = 8*y**3 - 3*y**2 + 2*y + 7. Let t(q) = 2*f(q) - 5*l(q). Suppose -4*x - 2 - 14 = 0. Give t(x).
3
Let z(c) = -c. Let t = -1045 - -1044. Give z(t).
1
Let t(f) be the third derivative of 0*f**3 - 5/24*f**4 + 10*f**2 + 0*f + 1/60*f**5 + 0. Give t(4).
-4
Let s = -382 - -393. Let p(x) = -x**3 + 12*x**2 - 13*x - 3. What is p(s)?
-25
Let y be 8/12 + 20/15. Suppose 0*m + m - d = y, 3 = 5*m + 2*d. Let f(k) = k**3 - k**2. Calculate f(m).
0
Let j(l) = -2*l + 0*l + 4*l. Let i = -14019 - -14023. What is j(i)?
8
Let f(g) = -2*g + 2. Let l(a) = a**3 + 10*a**2 + 20*a - 12. Let q be l(-7). What is f(q)?
12
Let h(t) = 2*t - 1. Let k(d) = 12*d - 29*d + 8*d + 4. Let l(a) = 4*h(a) + k(a). Calculate l(-7).
7
Let x(l) = l**3 + 4*l**2 - 6*l - 7. Suppose 6*t - 3*t + 12 = 0, -4*n - 3*t - 32 = 0. Determine x(n).
-2
Let q(i) = -i + 7. Let f(h) = -h**2 + 5*h - 1. Let c be f(3). What is q(c)?
2
Let s(x) be the first derivative of -x**4/4 + 3*x**3 - 4*x**2 + 2. Let u be s(8). Let q(i) = 7*i + u + 7 + i**3 + 7*i**2 - 7. Give q(-6).
-6
Let g = 151 - 145. Let o(c) be the second derivative of 1/3*c**3 + 0 - 5/2*c**2 + g*c. What is o(6)?
7
Let z(h) be the first derivative of -2*h**2 + h + 38. Suppose 2*g + 3*x = -2, -6*g + x + 10 = -2*g. What is z(g)?
-7
Let j(x) = -2*x - 4*x**2 + 2 + 3*x**2 + 2*x**2. Let b be 4/(-20) + (-1248)/10. Let t = b - -127. Give j(t).
2
Let z(i) = -8*i + 1. Let s be 8/20 - (-137)/(-5). Let q = s + 28. Calculate z(q).
-7
Let u(s) be the first derivative of s**4/4 + 2*s**3 - 3*s**2 + 6*s + 34. Let c(f) = f - 12. Let o be c(5). Calculate u(o).
-1
Let v(l) be the third derivative of -l**8/840 + l**7/1260 - l**6/720 - l**4/12 + 10*l**2. Let c(a) be the second derivative of v(a). What is c(1)?
-7
Let l(z) be the third derivative of z**4/24 + 10*z**3/3 + 158*z**2. What is l(0)?
20
Let a(r) = 597665*r**3 + 2*r - 4*r**2 + r**2 - 597669*r**3. What is a(2)?
-40
Let s be (1/(-2))/((-2)/(-12)). Let k be ((0 - -2)*-1)/(-1). Let o(n) = -2*n - 2*n + n**2 - k*n + 5*n - 2. What is o(s)?
10
Let n(v) be the first derivative of v**3/6 + v**2/2 - 16*v - 25. Let p(q) be the first derivative of n(q). Give p(-5).
-4
Let s(w) = -7*w**2 + w. Let t(k) = 3*k + 11. Let b be t(-4). Let u be -2 - -5 - (b + 3). What is s(u)?
-6
Let f(v) = 2*v**3 - 12*v**3 + 2*v**3 + 9*v**3 + 5*v**2 - 7. Determine f(-5).
-7
Let r be (-1 + -3)/(((-9)/3)/3). Suppose -4*z - r = -0*z. Let i(b) = 8*b**3 + b**2 - 1. What is i(z)?
-8
Let b(k) = -3*k**2 - 7*k**2 - 4*k + 9*k**2 + 16. Let y be b(-6). Let w(a) be the first derivative of -a**3/3 + 2*a**2 + 4*a - 1. What is w(y)?
4
Let h(y) be the third derivative of y**6/120 + y**5/15 + y**4/8 + y**3/6 - 13*y**2. Suppose -4*c + 14 = 2*x, -2*x - 11 = -5*c + 4*c. Give h(x).
1
Let n be ((-5)/2)/((-8)/48). Suppose 0*o - n = -3*o. Let v(d) be the second derivative of d**5/20 - 5*d**4/12 - d**3/3 + 3*d**2 - d. Give v(o).
-4
Let g(u) be the first derivative of -u**3 + 9*u**2/2 - 9*u + 11. Let d be g(5). Let t be d/9 - (-5)/15. Let m(a) = -a + 1. Calculate m(t).
5
Let m = 8 - 12. Let n = 6 - 4. Let r(q) = -1 + 6*q - 3*q - n*q**2 + 3*q**2. Determine r(m).
3
Let u(c) be the third derivative of -c**8/960 - c**7/1260 + c**5/120 - 3*c**4/8 - 13*c**2. Let y(g) be the second derivative of u(g). Calculate y(1).
-8
Let w(m) = -m**3 - 25*m**2 - 47*m - 25. Let q(b) = -2*b**2 + 84*b + 153. Let c be q(44). What is w(c)?
-2
Let a be (-12)/(-18) + 24/18. Let u(n) = -4*n**2 + 3*n - 2. Calculate u(a).
-12
Let y(d) be the second derivative of 0 + 3*d**2 + 10*d + 1/6*d**3. Give y(-5).
1
Let h(r) = r**2 - 8*r + 4. Let t(w) = w. Let j(p) = h(p) + 2*t(p). Suppose 0 = 5*s + u - 11, -3*s - 5*u + 8 = -3. Suppose 3*a + s - 11 = 0. Give j(a).
-5
Let t(y) = 3*y**3 - 29*y**2 + 9*y - 19. Let s(w) = -w**3 + 10*w**2 - 3*w + 7. Let m(f) = 17*s(f) + 6*t(f). Let a be (-18)/(-5) - (-2)/5. Calculate m(a).
17
Suppose 0*f + 4*f - 36 = -2*t, 2*t - 44 = -5*f. Suppose f*o = 6*o. Let v(r) = 2*r + 4. Let x be v(o). Let j(n) = n**3 - 4*n**2 - 2*n + 6. Determine j(x).
-2
Suppose 5*c = 4*c - 35. Let u be (-10)/c + 57/21. Let g(i) = i**3 - i**2 - 4*i + 2. Determine g(u).
8
Let o(n) = -2*n**2 + 1. Let p(g) = -9*g**2 + 7*g + 8. Let f(v) = -5*o(v) + p(v). Determine f(-8).
11
Let c(l) = -l**2 + 5. Let p(i) = 2*i**2 - i - 6. Let q(f) = -3*c(f) - 2*p(f). Determine q(6).
-27
Let h(u) be the second derivative of -u**4/12 - 2*u**3 - 5*u**2/2 + 2*u. Let k be h(-11). Let g be (6/4)/(k/(-16)). Let m(q) = q + 5. What is m(g)?
1
Let o(r) be the first derivative of -9*r**2/2 + r + 98. Give o(-3).
28
Let s be ((-770)/(-6))/(-7) + (-2)/3. Let f = -22 - s. Let d(k) = -3*k - 3. Give d(f).
6
Let j(s) = 9*s**2 - 2*s - 1. Let b be j(-1). Suppose d - 12 = -b. Let w(n) = n**3 + 2*n**2 - 3*n + 2. Give w(d).
12
Let g(a) = 2*a**3 + 4*a - 3. Let n(h) = h**2 + 85*h + 475. Let w be n(-6). Give g(w).
3
Let d(q) = -2*q. Let y(k) = k - 1. Let p(w) = d(w) + 3*y(w). Let j be p(8). Let t(n) = n**3 - 6*n**2 + 5*n + 3. Calculate t(j).
3
Let t(i) be the second derivative of -i**6/360 - i**5/60 - 13*i**3/6 + 24*i. Let k(n) be the second derivative of t(n). Let a = -3 - 0. What is k(a)?
-3
Let k(m) = m**2 + 12*m + 6. Let q(t) = t**3 + 32*t**2 + 7*t + 219. Let v be q(-32). What is k(v)?
-29
Let v(m) = m**2 + 4*m - 5. Suppose 5*t - 40 = 25. Suppose -18*z = -t*z + 25. Give v(z).
0
Let d(o) = -2*o - 4. Suppose -27*m + 29*m = -10. Determine d(m).
6
Let i(y) = -2*y**2 - 41*y - 7. Let a(s) = -s**2 - 23*s - 4. Let f(w) = 7*a(w) - 4*i(w). What is f(-3)?
0
Let q(k) be the third derivative of -k**5/60 - k**4/6 + 3*k**2. Let h be q(-4). Let m(t) = 6*t + t**3 - 2*t**2 + h*t**2 - t**2 - 2*t**2. Determine m(4).
8
Let o = -57 + 59. Let l(p) = 9*p**3 + 10*p**2 - 10*p**3 - 8*p**2 - o + 2*p. Suppose -z + 5*n + 4 = -23, -2 = 4*z + 2*n. Give l(z).
2
Let k(t) = -t + 41 + 43 + 44 - 120. Give k(15).
-7
Suppose -3 = -2*v + x, 5*v + 2*x + 1 = -5. Let u(m) = 2 - 4 - 1 + v + 2*m. What is u(2)?
1
Let d = -51 + 53. Suppose -3 = 4*m - 3*v, d*m + 14 = -0*m + 4*v. Let t(g) be the second derivative of -g**4/6 + 5*g**3/6 - g**2 - g. Determine t(m).
-5
Suppose j - 14 = 3*w, 4*w - j + 3*j = -32. Suppose -5*z + 4*d = -27 + 7, -4*d - 20 = 0. Let r(p) = -9 - p**3 - p + 2 - 6*p**2 + z - 1. Give r(w).
-2
Suppose -2*v + 35 = 3*v. Suppose 4 - v = -u. Let y(j) = u*j + j - 212 + 207 - j**2. Determine y(4).
-5
Let h(b) = 3*b**3 + 6*b**2 - 4*b + 2. Let j(w) = 16*w**3 + 31*w**2 - 20*w + 10. Let x(t) = -11*h(t) + 2*j(t). Let z be 10*(-18)/27*(-18)/96*-4. Give x(z).
3
Let d(f) = -13 + 7*f**2 - 214*f + 3*f**2 - 11*f**2 + 226*f. What is d(10)?
7
Let n = 2 + -3. Let f(r) be the third derivative of -r**4/12 + r**3/6 + 8*r**2. Let l(y) = -y + 1. Let d(z) = n*l(z) - f(z). What is d(3)?
7
Let s(u) = -u - 2. Let o be s(-2). Let x(g) = 5*g**3 - 1 + 2*g + o + 2*g**3 - g**2 - 3*g. Give x(-1).
-8
Let o(k) = 2 + 4*k**2 - 2. Suppose -31*p = -23*p + 208. Let s = 25 + p. What is o(s)?
4
Suppose 3*c + 12 = 0, 3*x - 5*c - 34 = 7. Let b(l) = -11*l**2 + 7*l + 5. Let a(p) = -6*p**2 + 4*p + 3. Let w(n) = x*a(n) - 4*b(n). Give w(-1).
3
Let c(y) = -159*y + 318*y + y**3 - 160*y + 2*y**2. What is c(-2)?
2
Let g(l) = l**3 - 4*l**2 - 3*l - 4. Let r = 6 + -2. Let w(